{"id":135,"date":"2021-01-11T16:06:40","date_gmt":"2021-01-11T15:06:40","guid":{"rendered":"http:\/\/testsites.ucad.sn\/?page_id=135"},"modified":"2023-04-24T12:26:22","modified_gmt":"2023-04-24T10:26:22","slug":"audiovisuel","status":"publish","type":"page","link":"https:\/\/ifan.ucad.sn\/en\/information-scientifique\/audiovisuel\/","title":{"rendered":"Service Audiovisuel"},"content":{"rendered":"\n<div class=\"wp-block-columns is-layout-flex wp-container-core-columns-is-layout-9d6595d7 wp-block-columns-is-layout-flex\">\n<div class=\"wp-block-column is-layout-flow wp-block-column-is-layout-flow\" style=\"flex-basis:66.66%\">\n<p>Chef du service<strong>: Mme Sokhna FALL NDIAYE<br><\/strong>Email<strong><strong> : <a href=\"mailto:audiovisuel.ifan@ucad.edu.sn\">audiovisuel.ifan@ucad.edu.sn<\/a><br><\/strong><\/strong>T\u00e9l\u00e9phone<strong> : 00221 33 824 16 52<br><\/strong>Fax <strong>: 00221 824 49 18<\/strong>\u00a0\u00a0 \u00a0<\/p>\n\n\n\n<p>Le Service audiovisuel est l\u2019un des quatre services constitutifs du D\u00e9partement Information scientifique de l\u2019IFAN-CAD.&nbsp;Ses origines remontent \u00e0 la collection photographique mise en place par le Comit\u00e9 d\u2019\u00c9tudes historiques et scientifiques de l\u2019AOF (CEH-SAOF) vers 1920.&nbsp; Cr\u00e9\u00e9 en 1942 sous l\u2019appellation de <strong>Section Cin\u00e9- Son<\/strong> par P. Potentier, le Service Audiovisuel \u00e9tait plus sp\u00e9cialis\u00e9 dans les productions cin\u00e9matographiques.&nbsp;&nbsp;&nbsp;&nbsp;&nbsp;&nbsp;&nbsp;<br>&nbsp;&nbsp;&nbsp;&nbsp;&nbsp;&nbsp; Le 31 ao\u00fbt 1950, l\u2019arr\u00eat\u00e9 n\u00b0 4848\/IFAN cr\u00e9e un Service de Phototh\u00e8que \u00e0 l\u2019IFAN et l\u2019arr\u00eat\u00e9 007\/4\/ IFAN du 05 janvier 1962 r\u00e9organise la Phototh\u00e8que de l\u2019IFAN.&nbsp;Cette Section Cin\u00e9-Son devenue Phototh\u00e8que fut rattach\u00e9e \u00e0 la Documentation en 1965 sous la direction de Mme Fontvieille, Conservateur.&nbsp;De 1978 \u00e0 1979, le Labo Photo a \u00e9t\u00e9 r\u00e9organis\u00e9 et par suite la Section audiovisuelle fut r\u00e9tablie. En 1984, la Section audiovisuelle devient Service audiovisuel et est rattach\u00e9e au D\u00e9partement Information scientifique.<\/p>\n\n\n\n<p>La mission principale du service est de contribuer \u00e0 la collecte, la production, le traitement, la diffusion et la valorisation de tout le patrimoine iconographique, sonore et audiovisuel de l\u2019Institut.<\/p>\n\n\n\n<h2 class=\"wp-block-heading\">Fonds documentaires<\/h2>\n\n\n\n<p>Il couvre divers domaines et l\u2019ensemble des pays de l\u2019AOF et quelques territoires \u00e9trangers et est compos\u00e9 de&nbsp;:&nbsp;<\/p>\n\n\n\n<ul class=\"wp-block-list\"><li><strong>Phototh\u00e8que<\/strong><ul><li>60 000 positifs<\/li><li>60 000 n\u00e9gatifs ou clich\u00e9s<\/li><li>860 cartes postales anciennes<\/li><li>Albums et cahiers de photos anciennes<\/li><\/ul><\/li><\/ul>\n\n\n\n<ul class=\"wp-block-list\"><li><strong>Diapoth\u00e8que<\/strong><ul><li>9 000 diapositives, dont 6214 donn\u00e9es par Adrien Beno\u00eet de Worm et le reste provenant de missions de chercheurs<\/li><\/ul><\/li><\/ul>\n\n\n\n<ul class=\"wp-block-list\"><li><strong>Cin\u00e9math\u00e8que et Vid\u00e9oth\u00e8que<\/strong><ul><li>63 films ethnographiques<\/li><li>130 bandes vid\u00e9o.&nbsp;&nbsp;&nbsp;&nbsp;&nbsp;&nbsp;<\/li><\/ul><\/li><\/ul>\n\n\n\n<ul class=\"wp-block-list\"><li><strong>Sonoth\u00e8que<\/strong><ul><li>150 disques ethnographiques de 78 et 33 tours<\/li><li>118 bandes magn\u00e9tiques (enqu\u00eates, conf\u00e9rences)<\/li><li>690 cassettes audio conserv\u00e9es en majorit\u00e9 est au laboratoire de litt\u00e9rature et civilisations africaines.&nbsp;<\/li><\/ul><\/li><\/ul>\n\n\n\n<h2 class=\"wp-block-heading\">Services offerts aux usagers<\/h2>\n\n\n\n<ul class=\"wp-block-list\"><li>Reproduction de supports iconographiques sur commande ;<\/li><li>Num\u00e9risation de fonds photographiques, sonores et audiovisuels&nbsp;;<\/li><li>Audition de bandes magn\u00e9tiques et de cassettes audio&nbsp;;<\/li><li>Production de cartes de v\u0153ux ;<\/li><li>Couverture audiovisuelle de manifestions \u00e0 caract\u00e8re scientifique et culturel ;<\/li><li>\u00c9dition de produits documentaires ;<\/li><li>Appui \u00e0 la mise en place d\u2019espaces audiovisuels ;<\/li><li>Illustration de th\u00e8ses, m\u00e9moires et travaux scientifiques&nbsp;;<\/li><li>Transfert des donn\u00e9es analogiques vers des supports num\u00e9riques<\/li><li>Assistance et conseils en gestion de documentation audiovisuelle et Programme de sauvegarde et de num\u00e9risation des fonds audiovisuels&nbsp;;<\/li><li>Formation aux techniques de num\u00e9risation des supports audiovisuels<\/li><\/ul>\n<\/div>\n\n\n\n<div class=\"wp-block-column is-layout-flow wp-block-column-is-layout-flow\" style=\"flex-basis:33.33%\">\n<div>\n  <ul class=\"menu-menu-principal sommaire-ifan\">\n       <li><a href=\"https:\/\/ifan.ucad.sn\/information-scientifique\/\">Pr\u00e9sentation<\/a><\/li>\n<li><a href=\"https:\/\/ifan.ucad.sn\/archive\">Archives<\/a>\n<ul>\n<li><a href=\"https:\/\/ifan.ucad.sn\/archives-fonds-documentaires\">Fonds documentaires<\/a><\/li>\n<li>Membres<\/li>\n<\/ul>\n<\/li>\n<li><a class=\"active\" href=\"#\">Audiovisuel<\/a>\n<ul>\n<li><a href=\"https:\/\/ifan.ucad.sn\/service-audiovisuel-horaires\/\">Horaires<\/a><\/li>\n<li>Membres<\/li>\n<\/ul>\n<\/li>\n<li><a href=\"https:\/\/ifan.ucad.sn\/documentations\/\">Documentations<\/a>\n<ul>\n<li><a href=\"https:\/\/ifan.ucad.sn\/service-de-la-documentation-fonds-documentaires\/\">Fonds documentaires<\/a><\/li>\n<li><a href=\"https:\/\/ifan.ucad.sn\/service-de-la-documentation\/\">Horaires<\/a><\/li><li>Membres<\/li>\n\n<\/ul>\n<\/li>\n<li><a href=\"https:\/\/ifan.ucad.sn\/publications\/\">Publications<\/a>\n<ul>\n<li>Publications<\/li>\n<li><a href=\"https:\/\/ifan.ucad.sn\/publications-membres\/\">Membres<\/a><\/li>\n<\/ul><\/li>\n<\/ul>\n<\/div>\n<\/div>\n<\/div>\n\n\n\n<p><\/p>\n","protected":false},"excerpt":{"rendered":"<p>Chef du service: Mme Sokhna FALL NDIAYEEmail : audiovisuel.ifan@ucad.edu.snT\u00e9l\u00e9phone : 00221 33 824 16 52Fax : 00221 824 49 18\u00a0\u00a0 \u00a0 Le Service audiovisuel est l\u2019un des quatre services constitutifs du D\u00e9partement Information scientifique de l\u2019IFAN-CAD.&nbsp;Ses origines remontent \u00e0 la collection photographique mise en place par le Comit\u00e9 d\u2019\u00c9tudes historiques et scientifiques de l\u2019AOF (CEH-SAOF) [&hellip;]<\/p>\n","protected":false},"author":1,"featured_media":0,"parent":60,"menu_order":1,"comment_status":"closed","ping_status":"closed","template":"templates\/template-page-full-width.php","meta":{"_monsterinsights_skip_tracking":false,"_monsterinsights_sitenote_active":false,"_monsterinsights_sitenote_note":"","_monsterinsights_sitenote_category":0,"footnotes":""},"class_list":["post-135","page","type-page","status-publish","hentry"],"_links":{"self":[{"href":"https:\/\/ifan.ucad.sn\/en\/wp-json\/wp\/v2\/pages\/135","targetHints":{"allow":["GET"]}}],"collection":[{"href":"https:\/\/ifan.ucad.sn\/en\/wp-json\/wp\/v2\/pages"}],"about":[{"href":"https:\/\/ifan.ucad.sn\/en\/wp-json\/wp\/v2\/types\/page"}],"author":[{"embeddable":true,"href":"https:\/\/ifan.ucad.sn\/en\/wp-json\/wp\/v2\/users\/1"}],"replies":[{"embeddable":true,"href":"https:\/\/ifan.ucad.sn\/en\/wp-json\/wp\/v2\/comments?post=135"}],"version-history":[{"count":20,"href":"https:\/\/ifan.ucad.sn\/en\/wp-json\/wp\/v2\/pages\/135\/revisions"}],"predecessor-version":[{"id":6635,"href":"https:\/\/ifan.ucad.sn\/en\/wp-json\/wp\/v2\/pages\/135\/revisions\/6635"}],"up":[{"embeddable":true,"href":"https:\/\/ifan.ucad.sn\/en\/wp-json\/wp\/v2\/pages\/60"}],"wp:attachment":[{"href":"https:\/\/ifan.ucad.sn\/en\/wp-json\/wp\/v2\/media?parent=135"}],"curies":[{"name":"wp","href":"https:\/\/api.w.org\/{rel}","templated":true}]}}

<div class="wp-block-columns is-layout-flex wp-container-core-columns-is-layout-9d6595d7 wp-block-columns-is-layout-flex">
<div class="wp-block-column is-layout-flow wp-block-column-is-layout-flow" style="flex-basis:66.66%">
<p>Chef du service<strong>: Mme Sokhna FALL NDIAYE<br></strong>Email<strong><strong> : <a href="mailto:audiovisuel.ifan@ucad.edu.sn">audiovisuel.ifan@ucad.edu.sn</a><br></strong></strong>Téléphone<strong> : 00221 33 824 16 52<br></strong>Fax <strong>: 00221 824 49 18</strong>    </p>



<p>Le Service audiovisuel est l’un des quatre services constitutifs du Département Information scientifique de l’IFAN-CAD.&nbsp;Ses origines remontent à la collection photographique mise en place par le Comité d’Études historiques et scientifiques de l’AOF (CEH-SAOF) vers 1920.&nbsp; Créé en 1942 sous l’appellation de <strong>Section Ciné- Son</strong> par P. Potentier, le Service Audiovisuel était plus spécialisé dans les productions cinématographiques.&nbsp;&nbsp;&nbsp;&nbsp;&nbsp;&nbsp;&nbsp;<br>&nbsp;&nbsp;&nbsp;&nbsp;&nbsp;&nbsp; Le 31 août 1950, l’arrêté n° 4848/IFAN crée un Service de Photothèque à l’IFAN et l’arrêté 007/4/ IFAN du 05 janvier 1962 réorganise la Photothèque de l’IFAN.&nbsp;Cette Section Ciné-Son devenue Photothèque fut rattachée à la Documentation en 1965 sous la direction de Mme Fontvieille, Conservateur.&nbsp;De 1978 à 1979, le Labo Photo a été réorganisé et par suite la Section audiovisuelle fut rétablie. En 1984, la Section audiovisuelle devient Service audiovisuel et est rattachée au Département Information scientifique.</p>



<p>La mission principale du service est de contribuer à la collecte, la production, le traitement, la diffusion et la valorisation de tout le patrimoine iconographique, sonore et audiovisuel de l’Institut.</p>



<h2 class="wp-block-heading">Fonds documentaires</h2>



<p>Il couvre divers domaines et l’ensemble des pays de l’AOF et quelques territoires étrangers et est composé de&nbsp;:&nbsp;</p>



<ul class="wp-block-list"><li><strong>Photothèque</strong><ul><li>60 000 positifs</li><li>60 000 négatifs ou clichés</li><li>860 cartes postales anciennes</li><li>Albums et cahiers de photos anciennes</li></ul></li></ul>



<ul class="wp-block-list"><li><strong>Diapothèque</strong><ul><li>9 000 diapositives, dont 6214 données par Adrien Benoît de Worm et le reste provenant de missions de chercheurs</li></ul></li></ul>



<ul class="wp-block-list"><li><strong>Cinémathèque et Vidéothèque</strong><ul><li>63 films ethnographiques</li><li>130 bandes vidéo.&nbsp;&nbsp;&nbsp;&nbsp;&nbsp;&nbsp;</li></ul></li></ul>



<ul class="wp-block-list"><li><strong>Sonothèque</strong><ul><li>150 disques ethnographiques de 78 et 33 tours</li><li>118 bandes magnétiques (enquêtes, conférences)</li><li>690 cassettes audio conservées en majorité est au laboratoire de littérature et civilisations africaines.&nbsp;</li></ul></li></ul>



<h2 class="wp-block-heading">Services offerts aux usagers</h2>



<ul class="wp-block-list"><li>Reproduction de supports iconographiques sur commande ;</li><li>Numérisation de fonds photographiques, sonores et audiovisuels&nbsp;;</li><li>Audition de bandes magnétiques et de cassettes audio&nbsp;;</li><li>Production de cartes de vœux ;</li><li>Couverture audiovisuelle de manifestions à caractère scientifique et culturel ;</li><li>Édition de produits documentaires ;</li><li>Appui à la mise en place d’espaces audiovisuels ;</li><li>Illustration de thèses, mémoires et travaux scientifiques&nbsp;;</li><li>Transfert des données analogiques vers des supports numériques</li><li>Assistance et conseils en gestion de documentation audiovisuelle et Programme de sauvegarde et de numérisation des fonds audiovisuels&nbsp;;</li><li>Formation aux techniques de numérisation des supports audiovisuels</li></ul>
</div>



<div class="wp-block-column is-layout-flow wp-block-column-is-layout-flow" style="flex-basis:33.33%">
<div>
  <ul class="menu-menu-principal sommaire-ifan">
       <li><a href="https://ifan.ucad.sn/information-scientifique/">Présentation</a></li>
<li><a href="https://ifan.ucad.sn/archive">Archives</a>
<ul>
<li><a href="https://ifan.ucad.sn/archives-fonds-documentaires">Fonds documentaires</a></li>
<li>Membres</li>
</ul>
</li>
<li><a class="active" href="#">Audiovisuel</a>
<ul>
<li><a href="https://ifan.ucad.sn/service-audiovisuel-horaires/">Horaires</a></li>
<li>Membres</li>
</ul>
</li>
<li><a href="https://ifan.ucad.sn/documentations/">Documentations</a>
<ul>
<li><a href="https://ifan.ucad.sn/service-de-la-documentation-fonds-documentaires/">Fonds documentaires</a></li>
<li><a href="https://ifan.ucad.sn/service-de-la-documentation/">Horaires</a></li><li>Membres</li>

</ul>
</li>
<li><a href="https://ifan.ucad.sn/publications/">Publications</a>
<ul>
<li>Publications</li>
<li><a href="https://ifan.ucad.sn/publications-membres/">Membres</a></li>
</ul></li>
</ul>
</div>
</div>
</div>



<p></p>

<p>Chef du service: Mme Sokhna FALL NDIAYEEmail : audiovisuel.ifan@ucad.edu.snTéléphone : 00221 33 824 16 52Fax : 00221 824 49 18     Le Service audiovisuel est l’un des quatre services constitutifs du Département Information scientifique de l’IFAN-CAD.&nbsp;Ses origines remontent à la collection photographique mise en place par le Comité d’Études historiques et scientifiques de l’AOF (CEH-SAOF) [&hellip;]</p>
