{"id":52,"date":"2021-01-11T10:56:12","date_gmt":"2021-01-11T09:56:12","guid":{"rendered":"http:\/\/testsites.ucad.sn\/?page_id=52"},"modified":"2025-03-26T13:51:36","modified_gmt":"2025-03-26T12:51:36","slug":"sciences-humaines","status":"publish","type":"page","link":"https:\/\/ifan.ucad.sn\/en\/sciences-humaines\/","title":{"rendered":"Sciences Humaines"},"content":{"rendered":"\n<div class=\"wp-block-columns is-layout-flex wp-container-core-columns-is-layout-9d6595d7 wp-block-columns-is-layout-flex\">\n<div class=\"wp-block-column is-layout-flow wp-block-column-is-layout-flow\" style=\"flex-basis:66.66%\">\n<p><strong>D\u00e9partement des Sciences Humaines<\/strong><\/p>\n\n\n\n<p><br>Chef de d\u00e9partement :\u00a0<a href=\"https:\/\/ifan.ucad.sn\/pr-matar-ndiaye\/\" data-type=\"page\" data-id=\"1311\">Prof Matar NDIAYE<\/a><br>Adresse mail : <a href=\"mailto:sciences-humaines.ifan@ucad.edu.sn\">sciences-humaines.ifan@ucad.edu.sn<\/a><br>T\u00e9l\u00e9phone :\u00a0 +221 33 824 16 52 <br>Laboratoires affili\u00e9s\u00a0<strong>:\u00a0<a href=\"https:\/\/ifan.ucad.sn\/sciences-humaine-geographie-membres\/\" data-type=\"page\" data-id=\"592\">G\u00e9ographie<\/a>, <a href=\"https:\/\/ifan.ucad.sn\/sciences-humaines-archeologie-membres\/\" data-type=\"page\" data-id=\"611\">Arch\u00e9ologie<\/a>, <a href=\"https:\/\/ifan.ucad.sn\/sciences-humaines-histoire-membres\/\" data-type=\"page\" data-id=\"602\">Histoire<\/a>, <a href=\"https:\/\/ifan.ucad.sn\/sociologie\/\" data-type=\"page\" data-id=\"155\">Sociologie<\/a><\/strong>, <strong><a href=\"https:\/\/ifan.ucad.sn\/etudes-sociales\/\" data-type=\"page\" data-id=\"1150\">Etudes Sociales<\/a>, <a href=\"https:\/\/ifan.ucad.sn\/sciences-humaines-lartes\/\" data-type=\"page\" data-id=\"1359\">LARTES<\/a><\/strong><\/p>\n\n\n\n<p><\/p>\n\n\n\n<p class=\"justify-text\"><br>Le d\u00e9partement des Sciences humaines regroupe&nbsp;Vingt chercheurs&nbsp;r\u00e9partis autour de&nbsp;six laboratoires&nbsp;:&nbsp;Laboratoire Genre et Recherche scientifique,&nbsp;Laboratoire de Recherche sur les Transformations \u00e9conomiques et sociales,&nbsp;Laboratoire d\u2019Histoire,&nbsp;de Pr\u00e9histoire,&nbsp;de Protohistoire et d\u2019Anthropologie physique,&nbsp;G\u00e9ographie et Sciences sociales.<br><br>Chacune des unit\u00e9s de recherche ci-dessus list\u00e9es d\u00e9veloppe des programmes de recherche fond\u00e9s sur les champs d\u2019int\u00e9r\u00eat des chercheurs qui la composent.<br>C\u2019est ainsi que les th\u00e8mes phares du&nbsp;Laboratoire de G\u00e9ographie&nbsp;sont les migrations internationales et les questions environnementales notamment les inondations dans la banlieue de Dakar. Cette question fait d\u2019ailleurs l\u2019objet d\u2019un partenariat de recherche contract\u00e9 avec le Minist\u00e8re de l\u2019Enseignement sup\u00e9rieur et de la recherche sur la p\u00e9riode 2014-2017.<br>Dans le domaine de l\u2019histoire,&nbsp;la vocation essentielle du laboratoire est de contribuer par la recherche, les publications, la constitution de collections ou les expositions \u00e0 la connaissance de notre pass\u00e9 et la pr\u00e9servation du patrimoine national.<\/p>\n\n\n\n<p>En&nbsp;Sciences sociales, le souci de r\u00e9pondre aux exigences de la recherche moderne \u00e0 conduit \u00e0 orienter les recherches vers les questions de genre et la transformation des soci\u00e9t\u00e9s au plan social et \u00e9conomique.<br><br>Outre la recherche fondamentale, les chercheurs du d\u00e9partement des Sciences humaines prennent part aux enseignements dispens\u00e9s dans diff\u00e9rentes facult\u00e9s. Depuis la r\u00e9forme LMD, quelques laboratoires sont membres \u00e0 part enti\u00e8re de l\u2019Ecole doctorale Etude de l\u2019Homme et de la Soci\u00e9t\u00e9 (ETHOS) charg\u00e9e, \u00e0 la Facult\u00e9 des Lettres et Sciences humaines,&nbsp;de la formation et de l\u2019encadrement des doctorants.<\/p>\n<\/div>\n\n\n\n<div class=\"wp-block-column is-layout-flow wp-block-column-is-layout-flow\" style=\"flex-basis:33.33%\">\n<div>\n  <ul class=\"menu-menu-principal sommaire-ifan\">\n       <li><a class=\"active\" href=\"#\">Pr\u00e9sentation<\/a><\/li>\n<li><a href=\"#\">Anthropologie physique<\/a>\n<ul>\n<li>Membres<\/li>\n<\/ul>\n<\/li>\n<li><a href=\"https:\/\/ifan.ucad.sn\/archeologie\/\">Pr\u00e9histoire et protohistoire <\/a>\n<ul>\n<li><a href=\"https:\/\/ifan.ucad.sn\/archeologie-membres\/\">Membres<\/a><\/li>\n<\/ul><\/li>\n<li><a href=\"https:\/\/ifan.ucad.sn\/geographie\/\">G\u00e9ographie<\/a>\n<\/li>\n<ul>\n<li><a href=\"https:\/\/ifan.ucad.sn\/sciences-humaine-geographie-membres\/\">Membres<\/a><\/li>\n<\/ul>\n<li><a href=\"https:\/\/ifan.ucad.sn\/etudes-sociales\/\">Etudes Sociales<\/a>\n<ul>\n<li>Membres<\/li>\n<\/ul>\n<\/li>\n<li><a href=\"#\">Histoire<\/a>\n<ul>\n<li><a href=\"https:\/\/ifan.ucad.sn\/sciences-humaines-histoire-membres\/\">Membres<\/a><\/li>\n<\/ul>\n<\/li>\n<li><a href=\"https:\/\/ifan.ucad.sn\/sciences-humaines-lartes\/\">LARTES<\/a>\n<ul>\n<li><a href=\"https:\/\/ifan.ucad.sn\/lartes-membres-2\/\">Membres<\/a><\/li>\n<\/ul>\n<\/li>\n\n<\/ul>\n<\/div>\n<\/div>\n<\/div>\n","protected":false},"excerpt":{"rendered":"<p>D\u00e9partement des Sciences Humaines Chef de d\u00e9partement :\u00a0Prof Matar NDIAYEAdresse mail : sciences-humaines.ifan@ucad.edu.snT\u00e9l\u00e9phone :\u00a0 +221 33 824 16 52 Laboratoires affili\u00e9s\u00a0:\u00a0G\u00e9ographie, Arch\u00e9ologie, Histoire, Sociologie, Etudes Sociales, LARTES Le d\u00e9partement des Sciences humaines regroupe&nbsp;Vingt chercheurs&nbsp;r\u00e9partis autour de&nbsp;six laboratoires&nbsp;:&nbsp;Laboratoire Genre et Recherche scientifique,&nbsp;Laboratoire de Recherche sur les Transformations \u00e9conomiques et sociales,&nbsp;Laboratoire d\u2019Histoire,&nbsp;de Pr\u00e9histoire,&nbsp;de Protohistoire et d\u2019Anthropologie physique,&nbsp;G\u00e9ographie [&hellip;]<\/p>\n","protected":false},"author":1,"featured_media":0,"parent":0,"menu_order":0,"comment_status":"closed","ping_status":"closed","template":"templates\/template-page-full-width.php","meta":{"_monsterinsights_skip_tracking":false,"_monsterinsights_sitenote_active":false,"_monsterinsights_sitenote_note":"","_monsterinsights_sitenote_category":0,"footnotes":""},"class_list":["post-52","page","type-page","status-publish","hentry"],"_links":{"self":[{"href":"https:\/\/ifan.ucad.sn\/en\/wp-json\/wp\/v2\/pages\/52","targetHints":{"allow":["GET"]}}],"collection":[{"href":"https:\/\/ifan.ucad.sn\/en\/wp-json\/wp\/v2\/pages"}],"about":[{"href":"https:\/\/ifan.ucad.sn\/en\/wp-json\/wp\/v2\/types\/page"}],"author":[{"embeddable":true,"href":"https:\/\/ifan.ucad.sn\/en\/wp-json\/wp\/v2\/users\/1"}],"replies":[{"embeddable":true,"href":"https:\/\/ifan.ucad.sn\/en\/wp-json\/wp\/v2\/comments?post=52"}],"version-history":[{"count":46,"href":"https:\/\/ifan.ucad.sn\/en\/wp-json\/wp\/v2\/pages\/52\/revisions"}],"predecessor-version":[{"id":8329,"href":"https:\/\/ifan.ucad.sn\/en\/wp-json\/wp\/v2\/pages\/52\/revisions\/8329"}],"wp:attachment":[{"href":"https:\/\/ifan.ucad.sn\/en\/wp-json\/wp\/v2\/media?parent=52"}],"curies":[{"name":"wp","href":"https:\/\/api.w.org\/{rel}","templated":true}]}}

<div class="wp-block-columns is-layout-flex wp-container-core-columns-is-layout-9d6595d7 wp-block-columns-is-layout-flex">
<div class="wp-block-column is-layout-flow wp-block-column-is-layout-flow" style="flex-basis:66.66%">
<p><strong>Département des Sciences Humaines</strong></p>



<p><br>Chef de département : <a href="https://ifan.ucad.sn/pr-matar-ndiaye/" data-type="page" data-id="1311">Prof Matar NDIAYE</a><br>Adresse mail : <a href="mailto:sciences-humaines.ifan@ucad.edu.sn">sciences-humaines.ifan@ucad.edu.sn</a><br>Téléphone :  +221 33 824 16 52 <br>Laboratoires affiliés <strong>: <a href="https://ifan.ucad.sn/sciences-humaine-geographie-membres/" data-type="page" data-id="592">Géographie</a>, <a href="https://ifan.ucad.sn/sciences-humaines-archeologie-membres/" data-type="page" data-id="611">Archéologie</a>, <a href="https://ifan.ucad.sn/sciences-humaines-histoire-membres/" data-type="page" data-id="602">Histoire</a>, <a href="https://ifan.ucad.sn/sociologie/" data-type="page" data-id="155">Sociologie</a></strong>, <strong><a href="https://ifan.ucad.sn/etudes-sociales/" data-type="page" data-id="1150">Etudes Sociales</a>, <a href="https://ifan.ucad.sn/sciences-humaines-lartes/" data-type="page" data-id="1359">LARTES</a></strong></p>



<p></p>



<p class="justify-text"><br>Le département des Sciences humaines regroupe&nbsp;Vingt chercheurs&nbsp;répartis autour de&nbsp;six laboratoires&nbsp;:&nbsp;Laboratoire Genre et Recherche scientifique,&nbsp;Laboratoire de Recherche sur les Transformations économiques et sociales,&nbsp;Laboratoire d’Histoire,&nbsp;de Préhistoire,&nbsp;de Protohistoire et d’Anthropologie physique,&nbsp;Géographie et Sciences sociales.<br><br>Chacune des unités de recherche ci-dessus listées développe des programmes de recherche fondés sur les champs d’intérêt des chercheurs qui la composent.<br>C’est ainsi que les thèmes phares du&nbsp;Laboratoire de Géographie&nbsp;sont les migrations internationales et les questions environnementales notamment les inondations dans la banlieue de Dakar. Cette question fait d’ailleurs l’objet d’un partenariat de recherche contracté avec le Ministère de l’Enseignement supérieur et de la recherche sur la période 2014-2017.<br>Dans le domaine de l’histoire,&nbsp;la vocation essentielle du laboratoire est de contribuer par la recherche, les publications, la constitution de collections ou les expositions à la connaissance de notre passé et la préservation du patrimoine national.</p>



<p>En&nbsp;Sciences sociales, le souci de répondre aux exigences de la recherche moderne à conduit à orienter les recherches vers les questions de genre et la transformation des sociétés au plan social et économique.<br><br>Outre la recherche fondamentale, les chercheurs du département des Sciences humaines prennent part aux enseignements dispensés dans différentes facultés. Depuis la réforme LMD, quelques laboratoires sont membres à part entière de l’Ecole doctorale Etude de l’Homme et de la Société (ETHOS) chargée, à la Faculté des Lettres et Sciences humaines,&nbsp;de la formation et de l’encadrement des doctorants.</p>
</div>



<div class="wp-block-column is-layout-flow wp-block-column-is-layout-flow" style="flex-basis:33.33%">
<div>
  <ul class="menu-menu-principal sommaire-ifan">
       <li><a class="active" href="#">Présentation</a></li>
<li><a href="#">Anthropologie physique</a>
<ul>
<li>Membres</li>
</ul>
</li>
<li><a href="https://ifan.ucad.sn/archeologie/">Préhistoire et protohistoire </a>
<ul>
<li><a href="https://ifan.ucad.sn/archeologie-membres/">Membres</a></li>
</ul></li>
<li><a href="https://ifan.ucad.sn/geographie/">Géographie</a>
</li>
<ul>
<li><a href="https://ifan.ucad.sn/sciences-humaine-geographie-membres/">Membres</a></li>
</ul>
<li><a href="https://ifan.ucad.sn/etudes-sociales/">Etudes Sociales</a>
<ul>
<li>Membres</li>
</ul>
</li>
<li><a href="#">Histoire</a>
<ul>
<li><a href="https://ifan.ucad.sn/sciences-humaines-histoire-membres/">Membres</a></li>
</ul>
</li>
<li><a href="https://ifan.ucad.sn/sciences-humaines-lartes/">LARTES</a>
<ul>
<li><a href="https://ifan.ucad.sn/lartes-membres-2/">Membres</a></li>
</ul>
</li>

</ul>
</div>
</div>
</div>

<p>Département des Sciences Humaines Chef de département : Prof Matar NDIAYEAdresse mail : sciences-humaines.ifan@ucad.edu.snTéléphone :  +221 33 824 16 52 Laboratoires affiliés : Géographie, Archéologie, Histoire, Sociologie, Etudes Sociales, LARTES Le département des Sciences humaines regroupe&nbsp;Vingt chercheurs&nbsp;répartis autour de&nbsp;six laboratoires&nbsp;:&nbsp;Laboratoire Genre et Recherche scientifique,&nbsp;Laboratoire de Recherche sur les Transformations économiques et sociales,&nbsp;Laboratoire d’Histoire,&nbsp;de Préhistoire,&nbsp;de Protohistoire et d’Anthropologie physique,&nbsp;Géographie [&hellip;]</p>
