{"id":6263,"date":"2023-03-21T17:35:15","date_gmt":"2023-03-21T16:35:15","guid":{"rendered":"https:\/\/ifan.ucad.sn\/?page_id=6263"},"modified":"2023-03-21T17:45:34","modified_gmt":"2023-03-21T16:45:34","slug":"journee-du-parrain-de-lucad-cheikh-anta-diop-le-31-mars-2023-participez-a-la-campagne-digitale","status":"publish","type":"page","link":"https:\/\/ifan.ucad.sn\/en\/journee-du-parrain-de-lucad-cheikh-anta-diop-le-31-mars-2023-participez-a-la-campagne-digitale\/","title":{"rendered":"Journ\u00e9e du parrain de l\u2019UCAD, Cheikh Anta Diop  le 31 mars 2023 : Participez \u00e0 la campagne digitale"},"content":{"rendered":"\n<figure class=\"wp-block-image size-large is-style-default\"><img loading=\"lazy\" decoding=\"async\" width=\"1024\" height=\"1024\" src=\"https:\/\/ifan.ucad.sn\/wp-content\/uploads\/2023\/03\/sadio-mane\u0301-1024x1024.jpg\" alt=\"\" class=\"wp-image-6264\" srcset=\"https:\/\/ifan.ucad.sn\/wp-content\/uploads\/2023\/03\/sadio-mane\u0301-1024x1024.jpg 1024w, https:\/\/ifan.ucad.sn\/wp-content\/uploads\/2023\/03\/sadio-mane\u0301-300x300.jpg 300w, https:\/\/ifan.ucad.sn\/wp-content\/uploads\/2023\/03\/sadio-mane\u0301-150x150.jpg 150w, https:\/\/ifan.ucad.sn\/wp-content\/uploads\/2023\/03\/sadio-mane\u0301-768x768.jpg 768w, https:\/\/ifan.ucad.sn\/wp-content\/uploads\/2023\/03\/sadio-mane\u0301-1536x1536.jpg 1536w, https:\/\/ifan.ucad.sn\/wp-content\/uploads\/2023\/03\/sadio-mane\u0301.jpg 1666w\" sizes=\"auto, (max-width: 1024px) 100vw, 1024px\" \/><\/figure>\n\n\n\n<p>L\u2019universit\u00e9 Cheikh Anta Diop de Dakar\u00a0 \u00e0 travers l\u2019Institut fondamental d\u2019Afrique noire (IFAN Cheikh Anta Diop), la\u00a0 Biblioth\u00e8que universitaire, la direction de l\u2019animation culturelle et scientifique (DACS), la Fondation UCAD ainsi que leurs partenaires et alli\u00e9s\u00a0 c\u00e9l\u00e8brent la journ\u00e9e du parrain de l\u2019UCAD le 31 mars 2023 \u00e0 la salle de conf\u00e9rence de l\u2019UCAD II \u00e0 partir de 9 heures.<br><br>Plac\u00e9e sous le th\u00e8me &#8220;<strong>Centenaire de la naissance de Cheikh Anta Diop : les d\u00e9fis de la reconstruction d\u2019une pens\u00e9e audacieuse pour l\u2019Afrique<\/strong>&#8220;, l\u2019invit\u00e9 d\u2019honneur de cette ann\u00e9e est la Facult\u00e9 des Sciences \u00c9conomiques et de Gestion (FASEG). Cette c\u00e9l\u00e9bration de la journ\u00e9e du parrain est une occasion pour mieux faire connaitre l\u2019\u0153uvre de Cheikh Anta Diop\u00a0 et confronter ses travaux aux questions de l\u2019heure.<br><br>Il s\u2019agit d\u2019une part de passer au crible sa pens\u00e9e, et d&#8217;autre part de la convoquer pour comprendre et faire face aux enjeux les plus actuels en r\u00e9pondant aux questions suivantes\u00a0:<\/p>\n\n\n\n<ol class=\"wp-block-list\" type=\"1\"><li>Comment penser le monde d\u2019aujourd\u2019hui avec Cheikh Anta&nbsp;?<\/li><li>Comment envisager les d\u00e9fis contemporains \u00e0 partir des intuitions de Cheikh Anta ?<\/li><\/ol>\n\n\n\n<p>Revisiter sa pens\u00e9e, mais aussi vulgariser son \u0153uvre est primordial. Car, sans Cheikh Anta Diop, l\u2019apport de l\u2019Afrique \u00e0 l\u2019humanit\u00e9 serait pass\u00e9 inaper\u00e7u. L\u2019ignorance de l\u2019histoire\u00a0 par les jeunes africains\u00a0 est un s\u00e9rieux handicap pour l\u2019avenir.<br><br>Prenez\u00a0 donc part \u00e0 la campagne digitale.\u00a0 Elle a pour objectif principal la vulgarisation de\u00a0 la pens\u00e9e de Cheikh Anta Diop.\u00a0 La campagne digitale d\u00e9marre\u00a0le mercredi 22 mars \u00e0 12 heures\u00a0et se poursuit\u00a0 jusqu\u2019\u00e0 la c\u00e9r\u00e9monie\u00a0 officielle de c\u00e9l\u00e9bration de la\u00a0 journ\u00e9e du parrain de\u00a0 l\u2019UCAD\u00a0 organis\u00e9e annuellement le 31 Mars. Des artistes, des universitaires , des journalistes, des sportifs, des repr\u00e9sentants des clubs des universit\u00e9s et des lyc\u00e9es prennent part \u00e0 la campagne digitale de plaidoyer pour une meilleure appropriation de la pens\u00e9e de Cheikh Anta Diop par les populations. Vous aussi, <a href=\"https:\/\/forms.gle\/ZJKxZkRyXufBzsxD7\" target=\"_blank\" rel=\"noreferrer noopener\">personnalisez le visuel d&#8217;engagement avec votre photo et la citation de Cheikh Anta Diop que vous pr\u00e9f\u00e9rez<\/a>, ou faites-vous aider pour l&#8217;obtenir. Partagez ensuite \u00e0 travers vos r\u00e9seaux sociaux et taguez nos pages officielles suivantes\u00a0:<br><br><strong>Facebook :<\/strong><br><a href=\"https:\/\/www.facebook.com\/ucadsenegal\/\" data-type=\"URL\" data-id=\"https:\/\/www.facebook.com\/ucadsenegal\/\" target=\"_blank\" rel=\"noreferrer noopener\">@Universit\u00e9 Cheikh Anta Diop<\/a><br><a href=\"https:\/\/www.facebook.com\/ifanUcad\/\" target=\"_blank\" rel=\"noreferrer noopener\">@Institut Fondamental d&#8217;Afrique Noire Cheikh Anta DIOP<\/a><br>\u00a0<strong>Twitter<\/strong><br><a href=\"https:\/\/twitter.com\/ucad_senegal\" target=\"_blank\" rel=\"noreferrer noopener\">\u00a0@UCAD_Senegal<\/a><br><a href=\"https:\/\/twitter.com\/ifan_cheikhanta\" target=\"_blank\" rel=\"noreferrer noopener\">@Ifan_cheikhanta<\/a><br><strong>Tik Tok<\/strong><br>@ucadsenegal<br>\u00a0<br><strong>Hashtags officiels<\/strong><br>Hashtag \u00e0 ins\u00e9rer dans tous vos posts<br>#journ\u00e9eparrain\u00a0 #Touspourcheikhanta<\/p>\n\n\n\n<div class=\"wp-block-columns is-layout-flex wp-container-core-columns-is-layout-9d6595d7 wp-block-columns-is-layout-flex\">\n<div class=\"wp-block-column is-layout-flow wp-block-column-is-layout-flow\"><\/div>\n\n\n\n<div class=\"wp-block-column is-layout-flow wp-block-column-is-layout-flow\">\n<div class=\"wp-block-buttons is-layout-flex wp-block-buttons-is-layout-flex\">\n<div class=\"wp-block-button is-style-fill\"><a class=\"wp-block-button__link has-background\" href=\"https:\/\/forms.gle\/ZJKxZkRyXufBzsxD7\" style=\"background-color:#13313e\" target=\"_blank\" rel=\"noreferrer noopener\">Participez \u00e0 la campagne digitale<\/a><\/div>\n<\/div>\n<\/div>\n\n\n\n<div class=\"wp-block-column is-layout-flow wp-block-column-is-layout-flow\"><\/div>\n<\/div>\n","protected":false},"excerpt":{"rendered":"<p>L\u2019universit\u00e9 Cheikh Anta Diop de Dakar\u00a0 \u00e0 travers l\u2019Institut fondamental d\u2019Afrique noire (IFAN Cheikh Anta Diop), la\u00a0 Biblioth\u00e8que universitaire, la direction de l\u2019animation culturelle et scientifique (DACS), la Fondation UCAD ainsi que leurs partenaires et alli\u00e9s\u00a0 c\u00e9l\u00e8brent la journ\u00e9e du parrain de l\u2019UCAD le 31 mars 2023 \u00e0 la salle de conf\u00e9rence de l\u2019UCAD II [&hellip;]<\/p>\n","protected":false},"author":1,"featured_media":0,"parent":0,"menu_order":0,"comment_status":"closed","ping_status":"closed","template":"elementor_theme","meta":{"_monsterinsights_skip_tracking":false,"_monsterinsights_sitenote_active":false,"_monsterinsights_sitenote_note":"","_monsterinsights_sitenote_category":0,"footnotes":""},"class_list":["post-6263","page","type-page","status-publish","hentry"],"_links":{"self":[{"href":"https:\/\/ifan.ucad.sn\/en\/wp-json\/wp\/v2\/pages\/6263","targetHints":{"allow":["GET"]}}],"collection":[{"href":"https:\/\/ifan.ucad.sn\/en\/wp-json\/wp\/v2\/pages"}],"about":[{"href":"https:\/\/ifan.ucad.sn\/en\/wp-json\/wp\/v2\/types\/page"}],"author":[{"embeddable":true,"href":"https:\/\/ifan.ucad.sn\/en\/wp-json\/wp\/v2\/users\/1"}],"replies":[{"embeddable":true,"href":"https:\/\/ifan.ucad.sn\/en\/wp-json\/wp\/v2\/comments?post=6263"}],"version-history":[{"count":5,"href":"https:\/\/ifan.ucad.sn\/en\/wp-json\/wp\/v2\/pages\/6263\/revisions"}],"predecessor-version":[{"id":6270,"href":"https:\/\/ifan.ucad.sn\/en\/wp-json\/wp\/v2\/pages\/6263\/revisions\/6270"}],"wp:attachment":[{"href":"https:\/\/ifan.ucad.sn\/en\/wp-json\/wp\/v2\/media?parent=6263"}],"curies":[{"name":"wp","href":"https:\/\/api.w.org\/{rel}","templated":true}]}}

Journée du parrain de l’UCAD, Cheikh Anta Diop  le 31 mars 2023 : Participez à la campagne digitale

<figure class="wp-block-image size-large is-style-default"><img loading="lazy" decoding="async" width="1024" height="1024" src="https://ifan.ucad.sn/wp-content/uploads/2023/03/sadio-mané-1024x1024.jpg" alt="" class="wp-image-6264" srcset="https://ifan.ucad.sn/wp-content/uploads/2023/03/sadio-mané-1024x1024.jpg 1024w, https://ifan.ucad.sn/wp-content/uploads/2023/03/sadio-mané-300x300.jpg 300w, https://ifan.ucad.sn/wp-content/uploads/2023/03/sadio-mané-150x150.jpg 150w, https://ifan.ucad.sn/wp-content/uploads/2023/03/sadio-mané-768x768.jpg 768w, https://ifan.ucad.sn/wp-content/uploads/2023/03/sadio-mané-1536x1536.jpg 1536w, https://ifan.ucad.sn/wp-content/uploads/2023/03/sadio-mané.jpg 1666w" sizes="auto, (max-width: 1024px) 100vw, 1024px" /></figure>



<p>L’université Cheikh Anta Diop de Dakar  à travers l’Institut fondamental d’Afrique noire (IFAN Cheikh Anta Diop), la  Bibliothèque universitaire, la direction de l’animation culturelle et scientifique (DACS), la Fondation UCAD ainsi que leurs partenaires et alliés  célèbrent la journée du parrain de l’UCAD le 31 mars 2023 à la salle de conférence de l’UCAD II à partir de 9 heures.<br><br>Placée sous le thème &#8220;<strong>Centenaire de la naissance de Cheikh Anta Diop : les défis de la reconstruction d’une pensée audacieuse pour l’Afrique</strong>&#8220;, l’invité d’honneur de cette année est la Faculté des Sciences Économiques et de Gestion (FASEG). Cette célébration de la journée du parrain est une occasion pour mieux faire connaitre l’œuvre de Cheikh Anta Diop  et confronter ses travaux aux questions de l’heure.<br><br>Il s’agit d’une part de passer au crible sa pensée, et d&#8217;autre part de la convoquer pour comprendre et faire face aux enjeux les plus actuels en répondant aux questions suivantes :</p>



<ol class="wp-block-list" type="1"><li>Comment penser le monde d’aujourd’hui avec Cheikh Anta&nbsp;?</li><li>Comment envisager les défis contemporains à partir des intuitions de Cheikh Anta ?</li></ol>



<p>Revisiter sa pensée, mais aussi vulgariser son œuvre est primordial. Car, sans Cheikh Anta Diop, l’apport de l’Afrique à l’humanité serait passé inaperçu. L’ignorance de l’histoire  par les jeunes africains  est un sérieux handicap pour l’avenir.<br><br>Prenez  donc part à la campagne digitale.  Elle a pour objectif principal la vulgarisation de  la pensée de Cheikh Anta Diop.  La campagne digitale démarre le mercredi 22 mars à 12 heures et se poursuit  jusqu’à la cérémonie  officielle de célébration de la  journée du parrain de  l’UCAD  organisée annuellement le 31 Mars. Des artistes, des universitaires , des journalistes, des sportifs, des représentants des clubs des universités et des lycées prennent part à la campagne digitale de plaidoyer pour une meilleure appropriation de la pensée de Cheikh Anta Diop par les populations. Vous aussi, <a href="https://forms.gle/ZJKxZkRyXufBzsxD7" target="_blank" rel="noreferrer noopener">personnalisez le visuel d&#8217;engagement avec votre photo et la citation de Cheikh Anta Diop que vous préférez</a>, ou faites-vous aider pour l&#8217;obtenir. Partagez ensuite à travers vos réseaux sociaux et taguez nos pages officielles suivantes :<br><br><strong>Facebook :</strong><br><a href="https://www.facebook.com/ucadsenegal/" data-type="URL" data-id="https://www.facebook.com/ucadsenegal/" target="_blank" rel="noreferrer noopener">@Université Cheikh Anta Diop</a><br><a href="https://www.facebook.com/ifanUcad/" target="_blank" rel="noreferrer noopener">@Institut Fondamental d&#8217;Afrique Noire Cheikh Anta DIOP</a><br> <strong>Twitter</strong><br><a href="https://twitter.com/ucad_senegal" target="_blank" rel="noreferrer noopener"> @UCAD_Senegal</a><br><a href="https://twitter.com/ifan_cheikhanta" target="_blank" rel="noreferrer noopener">@Ifan_cheikhanta</a><br><strong>Tik Tok</strong><br>@ucadsenegal<br> <br><strong>Hashtags officiels</strong><br>Hashtag à insérer dans tous vos posts<br>#journéeparrain  #Touspourcheikhanta</p>



<div class="wp-block-columns is-layout-flex wp-container-core-columns-is-layout-9d6595d7 wp-block-columns-is-layout-flex">
<div class="wp-block-column is-layout-flow wp-block-column-is-layout-flow"></div>



<div class="wp-block-column is-layout-flow wp-block-column-is-layout-flow">
<div class="wp-block-buttons is-layout-flex wp-block-buttons-is-layout-flex">
<div class="wp-block-button is-style-fill"><a class="wp-block-button__link has-background" href="https://forms.gle/ZJKxZkRyXufBzsxD7" style="background-color:#13313e" target="_blank" rel="noreferrer noopener">Participez à la campagne digitale</a></div>
</div>
</div>



<div class="wp-block-column is-layout-flow wp-block-column-is-layout-flow"></div>
</div>

<p>L’université Cheikh Anta Diop de Dakar  à travers l’Institut fondamental d’Afrique noire (IFAN Cheikh Anta Diop), la  Bibliothèque universitaire, la direction de l’animation culturelle et scientifique (DACS), la Fondation UCAD ainsi que leurs partenaires et alliés  célèbrent la journée du parrain de l’UCAD le 31 mars 2023 à la salle de conférence de l’UCAD II [&hellip;]</p>
